{"version":"1.0","provider_name":"MV on the move","provider_url":"https:\/\/mvfaehrtgut.de\/en","author_name":"Redaktion","author_url":"https:\/\/mvfaehrtgut.de\/en\/author\/redaktion\/","title":"Presseeinladung \/ Pressefahrt - MV f\u00e4hrt gut","type":"rich","width":600,"height":338,"html":"<blockquote class=\"wp-embedded-content\" data-secret=\"Iry0FGsk9B\"><a href=\"https:\/\/mvfaehrtgut.de\/en\/2026\/03\/27\/presseeinladung-pressefahrt\/\">Presseeinladung \/ Pressefahrt<\/a><\/blockquote><iframe sandbox=\"allow-scripts\" security=\"restricted\" src=\"https:\/\/mvfaehrtgut.de\/en\/2026\/03\/27\/presseeinladung-pressefahrt\/embed\/#?secret=Iry0FGsk9B\" width=\"600\" height=\"338\" title=\"&#8220;Presseeinladung \/ Pressefahrt&#8221; &#8212; MV f\u00e4hrt gut\" data-secret=\"Iry0FGsk9B\" frameborder=\"0\" marginwidth=\"0\" marginheight=\"0\" scrolling=\"no\" class=\"wp-embedded-content\"><\/iframe><script>\n\/*! This file is auto-generated *\/\n!function(d,l){\"use strict\";l.querySelector&&d.addEventListener&&\"undefined\"!=typeof URL&&(d.wp=d.wp||{},d.wp.receiveEmbedMessage||(d.wp.receiveEmbedMessage=function(e){var t=e.data;if((t||t.secret||t.message||t.value)&&!\/[^a-zA-Z0-9]\/.test(t.secret)){for(var s,r,n,a=l.querySelectorAll('iframe[data-secret=\"'+t.secret+'\"]'),o=l.querySelectorAll('blockquote[data-secret=\"'+t.secret+'\"]'),c=new RegExp(\"^https?:$\",\"i\"),i=0;i<o.length;i++)o[i].style.display=\"none\";for(i=0;i<a.length;i++)s=a[i],e.source===s.contentWindow&&(s.removeAttribute(\"style\"),\"height\"===t.message?(1e3<(r=parseInt(t.value,10))?r=1e3:~~r<200&&(r=200),s.height=r):\"link\"===t.message&&(r=new URL(s.getAttribute(\"src\")),n=new URL(t.value),c.test(n.protocol))&&n.host===r.host&&l.activeElement===s&&(d.top.location.href=t.value))}},d.addEventListener(\"message\",d.wp.receiveEmbedMessage,!1),l.addEventListener(\"DOMContentLoaded\",function(){for(var e,t,s=l.querySelectorAll(\"iframe.wp-embedded-content\"),r=0;r<s.length;r++)(t=(e=s[r]).getAttribute(\"data-secret\"))||(t=Math.random().toString(36).substring(2,12),e.src+=\"#?secret=\"+t,e.setAttribute(\"data-secret\",t)),e.contentWindow.postMessage({message:\"ready\",secret:t},\"*\")},!1)))}(window,document);\n\/\/# sourceURL=https:\/\/mvfaehrtgut.de\/wp-includes\/js\/wp-embed.min.js\n<\/script>","thumbnail_url":"https:\/\/mvfaehrtgut.de\/wp-content\/uploads\/2026\/03\/Rasender-Roland-im-Fruehling-1100x734.jpg","thumbnail_width":1100,"thumbnail_height":734,"description":"Staatssekret\u00e4rin Ines Jesse: Neue Gleise f\u00fcr Rasenden Roland und R\u00dcBB Am Dienstag den 31.03.2026 laden wir Sie herzlich zu einer Pressefahrt von Putbus nach Lauterbach Mole mit dem Rasenden Roland ein, um die modernisierte Infrastruktur vor Ort zu besichtigen. Auf der beliebten touristischen Strecke der Insel R\u00fcgen zwischen Bergen auf R\u00fcgen nach Lauterbach (Mole) f\u00f6rderte [&hellip;]"}

Presseeinladung / Pressefahrt - MV fährt gut

<blockquote class="wp-embedded-content" data-secret="Iry0FGsk9B"><a href="https://mvfaehrtgut.de/en/2026/03/27/presseeinladung-pressefahrt/">Presseeinladung / Pressefahrt</a></blockquote><iframe sandbox="allow-scripts" security="restricted" src="https://mvfaehrtgut.de/en/2026/03/27/presseeinladung-pressefahrt/embed/#?secret=Iry0FGsk9B" width="600" height="338" title="&#8220;Presseeinladung / Pressefahrt&#8221; &#8212; MV fährt gut" data-secret="Iry0FGsk9B" frameborder="0" marginwidth="0" marginheight="0" scrolling="no" class="wp-embedded-content"></iframe><script>
/*! This file is auto-generated */
!function(d,l){"use strict";l.querySelector&&d.addEventListener&&"undefined"!=typeof URL&&(d.wp=d.wp||{},d.wp.receiveEmbedMessage||(d.wp.receiveEmbedMessage=function(e){var t=e.data;if((t||t.secret||t.message||t.value)&&!/[^a-zA-Z0-9]/.test(t.secret)){for(var s,r,n,a=l.querySelectorAll('iframe[data-secret="'+t.secret+'"]'),o=l.querySelectorAll('blockquote[data-secret="'+t.secret+'"]'),c=new RegExp("^https?:$","i"),i=0;i<o.length;i++)o[i].style.display="none";for(i=0;i<a.length;i++)s=a[i],e.source===s.contentWindow&&(s.removeAttribute("style"),"height"===t.message?(1e3<(r=parseInt(t.value,10))?r=1e3:~~r<200&&(r=200),s.height=r):"link"===t.message&&(r=new URL(s.getAttribute("src")),n=new URL(t.value),c.test(n.protocol))&&n.host===r.host&&l.activeElement===s&&(d.top.location.href=t.value))}},d.addEventListener("message",d.wp.receiveEmbedMessage,!1),l.addEventListener("DOMContentLoaded",function(){for(var e,t,s=l.querySelectorAll("iframe.wp-embedded-content"),r=0;r<s.length;r++)(t=(e=s[r]).getAttribute("data-secret"))||(t=Math.random().toString(36).substring(2,12),e.src+="#?secret="+t,e.setAttribute("data-secret",t)),e.contentWindow.postMessage({message:"ready",secret:t},"*")},!1)))}(window,document);
//# sourceURL=https://mvfaehrtgut.de/wp-includes/js/wp-embed.min.js
</script>

Staatssekretärin Ines Jesse: Neue Gleise für Rasenden Roland und RÜBB Am Dienstag den 31.03.2026 laden wir Sie herzlich zu einer Pressefahrt von Putbus nach Lauterbach Mole mit dem Rasenden Roland ein, um die modernisierte Infrastruktur vor Ort zu besichtigen. Auf der beliebten touristischen Strecke der Insel Rügen zwischen Bergen auf Rügen nach Lauterbach (Mole) förderte [&hellip;]
